{"id":2872,"date":"2026-04-11T12:35:14","date_gmt":"2026-04-11T17:35:14","guid":{"rendered":"https:\/\/asmedcoid.com\/?page_id=2872"},"modified":"2026-04-16T16:52:41","modified_gmt":"2026-04-16T21:52:41","slug":"senalizacion","status":"publish","type":"page","link":"https:\/\/asmedcoid.com\/index.php\/senalizacion\/","title":{"rendered":"Se\u00f1alizaci\u00f3n"},"content":{"rendered":"\t\t<div data-elementor-type=\"wp-page\" data-elementor-id=\"2872\" class=\"elementor elementor-2872\" data-elementor-post-type=\"page\">\n\t\t\t\t<div class=\"elementor-element elementor-element-2320bc0 e-con-full e-flex e-con e-parent\" data-id=\"2320bc0\" data-element_type=\"container\" data-settings=\"{&quot;background_background&quot;:&quot;classic&quot;}\">\n\t\t<div class=\"elementor-element elementor-element-81d6c78 e-con-full e-flex e-con e-child\" data-id=\"81d6c78\" data-element_type=\"container\">\n\t\t\t\t<div class=\"elementor-element elementor-element-273a3d0 elementor-invisible elementor-widget elementor-widget-heading\" data-id=\"273a3d0\" data-element_type=\"widget\" data-settings=\"{&quot;_animation&quot;:&quot;fadeInUp&quot;}\" data-widget_type=\"heading.default\">\n\t\t\t\t\t<h1 class=\"elementor-heading-title elementor-size-default\">Avisos Se\u00f1alizaci\u00f3n<\/h1>\t\t\t\t<\/div>\n\t\t\t\t<div class=\"elementor-element elementor-element-758b85a elementor-widget__width-initial elementor-invisible elementor-widget elementor-widget-text-editor\" data-id=\"758b85a\" data-element_type=\"widget\" data-settings=\"{&quot;_animation&quot;:&quot;fadeInUp&quot;,&quot;_animation_delay&quot;:100}\" data-widget_type=\"text-editor.default\">\n\t\t\t\t\t\t\t\t\t<p data-start=\"188\" data-end=\"411\">Complementa tus carnets con cintas, portacarnets, yoyos y otros accesorios dise\u00f1ados para durar, destacar tu marca y facilitar el uso diario. Personalizamos cada detalle para que tu equipo se vea profesional y se identifique con estilo.<\/p>\t\t\t\t\t\t\t\t<\/div>\n\t\t<div class=\"elementor-element elementor-element-8680345 e-con-full e-flex e-con e-child\" data-id=\"8680345\" data-element_type=\"container\">\n\t\t\t\t<div class=\"elementor-element elementor-element-d392779 elementor-invisible elementor-widget elementor-widget-button\" data-id=\"d392779\" data-element_type=\"widget\" data-settings=\"{&quot;_animation&quot;:&quot;fadeInUp&quot;,&quot;_animation_delay&quot;:150}\" data-widget_type=\"button.default\">\n\t\t\t\t\t\t\t\t\t\t<a class=\"elementor-button elementor-button-link elementor-size-sm\" href=\"https:\/\/asmedcoid.com\/index.php\/contacto\/\">\n\t\t\t\t\t\t<span class=\"elementor-button-content-wrapper\">\n\t\t\t\t\t\t\t\t\t<span class=\"elementor-button-text\">Solicita tu cotizaci\u00f3n<\/span>\n\t\t\t\t\t<\/span>\n\t\t\t\t\t<\/a>\n\t\t\t\t\t\t\t\t<\/div>\n\t\t\t\t<\/div>\n\t\t\t\t<\/div>\n\t\t\t\t<\/div>\n\t\t<div class=\"elementor-element elementor-element-4ee9f03 e-flex e-con-boxed e-con e-parent\" data-id=\"4ee9f03\" data-element_type=\"container\" data-settings=\"{&quot;background_background&quot;:&quot;classic&quot;}\">\n\t\t\t\t\t<div class=\"e-con-inner\">\n\t\t<div class=\"elementor-element elementor-element-49045e6 e-con-full e-flex e-con e-child\" data-id=\"49045e6\" data-element_type=\"container\">\n\t\t<div class=\"elementor-element elementor-element-94aa683 e-con-full e-flex e-con e-child\" data-id=\"94aa683\" data-element_type=\"container\" data-settings=\"{&quot;background_background&quot;:&quot;classic&quot;}\">\n\t\t\t\t<div class=\"elementor-element elementor-element-f997e81 elementor-widget__width-inherit elementor-widget elementor-widget-heading\" data-id=\"f997e81\" data-element_type=\"widget\" data-widget_type=\"heading.default\">\n\t\t\t\t\t<h2 class=\"elementor-heading-title elementor-size-default\">Avisos <br>Acrilico<\/h2>\t\t\t\t<\/div>\n\t\t<div class=\"elementor-element elementor-element-0898f2c e-con-full e-flex e-con e-child\" data-id=\"0898f2c\" data-element_type=\"container\" data-settings=\"{&quot;background_background&quot;:&quot;classic&quot;}\">\n\t\t\t\t<div class=\"elementor-element elementor-element-64d1e1b elementor-align-right elementor-tablet-align-left elementor-hidden-mobile elementor-widget elementor-widget-button\" data-id=\"64d1e1b\" data-element_type=\"widget\" data-settings=\"{&quot;_animation&quot;:&quot;none&quot;,&quot;_animation_delay&quot;:150}\" data-widget_type=\"button.default\">\n\t\t\t\t\t\t\t\t\t\t<a class=\"elementor-button elementor-button-link elementor-size-sm\" href=\"#Cintas\">\n\t\t\t\t\t\t<span class=\"elementor-button-content-wrapper\">\n\t\t\t\t\t\t\t\t\t<span class=\"elementor-button-text\">Ver m\u00e1s<\/span>\n\t\t\t\t\t<\/span>\n\t\t\t\t\t<\/a>\n\t\t\t\t\t\t\t\t<\/div>\n\t\t\t\t<\/div>\n\t\t<div class=\"elementor-element elementor-element-593f5d5 e-con-full e-flex e-con e-child\" data-id=\"593f5d5\" data-element_type=\"container\" data-settings=\"{&quot;background_background&quot;:&quot;classic&quot;}\">\n\t\t\t\t<div class=\"elementor-element elementor-element-593376a elementor-widget elementor-widget-text-editor\" data-id=\"593376a\" data-element_type=\"widget\" data-widget_type=\"text-editor.default\">\n\t\t\t\t\t\t\t\t\t<p>Cintas bordadas, sublimadas o en screen, ideales para portar carnets de forma c\u00f3moda y segura. Personal\u00edzalas con tu logo o mensaje institucional.<\/p>\t\t\t\t\t\t\t\t<\/div>\n\t\t\t\t<\/div>\n\t\t\t\t<\/div>\n\t\t<div class=\"elementor-element elementor-element-304f260 e-con-full e-flex e-con e-child\" data-id=\"304f260\" data-element_type=\"container\" data-settings=\"{&quot;background_background&quot;:&quot;classic&quot;}\">\n\t\t\t\t<div class=\"elementor-element elementor-element-2153289 elementor-widget__width-inherit elementor-widget elementor-widget-heading\" data-id=\"2153289\" data-element_type=\"widget\" data-widget_type=\"heading.default\">\n\t\t\t\t\t<h2 class=\"elementor-heading-title elementor-size-default\">Pendones<br>Banner<\/h2>\t\t\t\t<\/div>\n\t\t<div class=\"elementor-element elementor-element-017d782 e-con-full e-flex e-con e-child\" data-id=\"017d782\" data-element_type=\"container\" data-settings=\"{&quot;background_background&quot;:&quot;classic&quot;}\">\n\t\t\t\t<div class=\"elementor-element elementor-element-a9b585c elementor-align-right elementor-tablet-align-left elementor-hidden-mobile elementor-widget elementor-widget-button\" data-id=\"a9b585c\" data-element_type=\"widget\" data-settings=\"{&quot;_animation&quot;:&quot;none&quot;,&quot;_animation_delay&quot;:150}\" data-widget_type=\"button.default\">\n\t\t\t\t\t\t\t\t\t\t<a class=\"elementor-button elementor-button-link elementor-size-sm\" href=\"#Escarapelas\">\n\t\t\t\t\t\t<span class=\"elementor-button-content-wrapper\">\n\t\t\t\t\t\t\t\t\t<span class=\"elementor-button-text\">Ver m\u00e1s<\/span>\n\t\t\t\t\t<\/span>\n\t\t\t\t\t<\/a>\n\t\t\t\t\t\t\t\t<\/div>\n\t\t\t\t<\/div>\n\t\t<div class=\"elementor-element elementor-element-562a34e e-con-full e-flex e-con e-child\" data-id=\"562a34e\" data-element_type=\"container\" data-settings=\"{&quot;background_background&quot;:&quot;classic&quot;}\">\n\t\t\t\t<div class=\"elementor-element elementor-element-c528772 elementor-widget elementor-widget-text-editor\" data-id=\"c528772\" data-element_type=\"widget\" data-widget_type=\"text-editor.default\">\n\t\t\t\t\t\t\t\t\t<p>Fabricados en materiales resistentes y transparentes. Permiten una excelente visibilidad del carnet y evitan su desgaste.<\/p>\t\t\t\t\t\t\t\t<\/div>\n\t\t\t\t<\/div>\n\t\t\t\t<\/div>\n\t\t<div class=\"elementor-element elementor-element-1340790 e-con-full e-flex e-con e-child\" data-id=\"1340790\" data-element_type=\"container\" data-settings=\"{&quot;background_background&quot;:&quot;classic&quot;}\">\n\t\t\t\t<div class=\"elementor-element elementor-element-b86e19c elementor-widget__width-inherit elementor-widget elementor-widget-heading\" data-id=\"b86e19c\" data-element_type=\"widget\" data-widget_type=\"heading.default\">\n\t\t\t\t\t<h2 class=\"elementor-heading-title elementor-size-default\">Avisos<br>3D<\/h2>\t\t\t\t<\/div>\n\t\t<div class=\"elementor-element elementor-element-bd31422 e-con-full e-flex e-con e-child\" data-id=\"bd31422\" data-element_type=\"container\" data-settings=\"{&quot;background_background&quot;:&quot;classic&quot;}\">\n\t\t\t\t<\/div>\n\t\t<div class=\"elementor-element elementor-element-eac00fd e-con-full e-flex e-con e-child\" data-id=\"eac00fd\" data-element_type=\"container\" data-settings=\"{&quot;background_background&quot;:&quot;classic&quot;}\">\n\t\t\t\t<div class=\"elementor-element elementor-element-638a8a6 elementor-widget elementor-widget-text-editor\" data-id=\"638a8a6\" data-element_type=\"widget\" data-widget_type=\"text-editor.default\">\n\t\t\t\t\t\t\t\t\t<p>Yoyo porta carnet retr\u00e1ctil con clip reforzado. Accesorio para carnet extensible, ideal para control de acceso e identificaci\u00f3n corporativa. Calidad y duraci\u00f3n.<\/p>\t\t\t\t\t\t\t\t<\/div>\n\t\t\t\t<\/div>\n\t\t\t\t<\/div>\n\t\t\t\t<\/div>\n\t\t\t\t<div class=\"elementor-element elementor-element-4c8d099 elementor-widget elementor-widget-menu-anchor\" data-id=\"4c8d099\" data-element_type=\"widget\" data-widget_type=\"menu-anchor.default\">\n\t\t\t\t\t\t\t<div class=\"elementor-menu-anchor\" id=\"Materiales\"><\/div>\n\t\t\t\t\t\t<\/div>\n\t\t\t\t\t<\/div>\n\t\t\t\t<\/div>\n\t\t\t\t<\/div>\n\t\t","protected":false},"excerpt":{"rendered":"<p>Avisos Se\u00f1alizaci\u00f3n Complementa tus carnets con cintas, portacarnets, yoyos y otros accesorios dise\u00f1ados para durar, destacar tu marca y facilitar el uso diario. Personalizamos cada detalle para que tu equipo se vea profesional y se identifique con estilo. Solicita tu cotizaci\u00f3n Avisos Acrilico Ver m\u00e1s Cintas bordadas, sublimadas o en screen, ideales para portar carnets [&hellip;]<\/p>\n","protected":false},"author":1,"featured_media":0,"parent":0,"menu_order":0,"comment_status":"closed","ping_status":"closed","template":"","meta":{"footnotes":""},"class_list":["post-2872","page","type-page","status-publish","hentry"],"aioseo_notices":[],"_hostinger_reach_plugin_has_subscription_block":false,"_hostinger_reach_plugin_is_elementor":false,"_links":{"self":[{"href":"https:\/\/asmedcoid.com\/index.php\/wp-json\/wp\/v2\/pages\/2872","targetHints":{"allow":["GET"]}}],"collection":[{"href":"https:\/\/asmedcoid.com\/index.php\/wp-json\/wp\/v2\/pages"}],"about":[{"href":"https:\/\/asmedcoid.com\/index.php\/wp-json\/wp\/v2\/types\/page"}],"author":[{"embeddable":true,"href":"https:\/\/asmedcoid.com\/index.php\/wp-json\/wp\/v2\/users\/1"}],"replies":[{"embeddable":true,"href":"https:\/\/asmedcoid.com\/index.php\/wp-json\/wp\/v2\/comments?post=2872"}],"version-history":[{"count":35,"href":"https:\/\/asmedcoid.com\/index.php\/wp-json\/wp\/v2\/pages\/2872\/revisions"}],"predecessor-version":[{"id":3834,"href":"https:\/\/asmedcoid.com\/index.php\/wp-json\/wp\/v2\/pages\/2872\/revisions\/3834"}],"wp:attachment":[{"href":"https:\/\/asmedcoid.com\/index.php\/wp-json\/wp\/v2\/media?parent=2872"}],"curies":[{"name":"wp","href":"https:\/\/api.w.org\/{rel}","templated":true}]}}